6*x**3 - v*x**2. Determine m(0).
7
Let b(g) = g**3 + 5*g**2. Let p be b(-5). Let v(y) = 31*y**2 - 6*y - 31. Let w(f) = 98*f**2 - 19*f - 95. Let n(m) = -19*v(m) + 6*w(m). Give n(p).
19
Let d(b) = -113*b + 18. Let s(h) = -204*h + 36. Let t(x) = 9*d(x) - 5*s(x). Determine t(-2).
-24
Let y(r) be the second derivative of r**7/840 - r**6/45 + r**5/60 + r**4/3 - r**3/6 - 7*r**2/2 - 2*r. Let c(p) be the second derivative of y(p). Give c(8).
24
Let p(j) = 2506 - 837 + 2*j - 831 - 839. Suppose 9*w = 4*w + 5*l - 25, -2*w + 2 = l. Calculate p(w).
-3
Let h(v) = -6*v**3 - 83*v**2 + 13*v + 74. Let g(m) = -2*m**3 - 30*m**2 + 4*m + 26. Let w(r) = -11*g(r) + 4*h(r). What is w(-2)?
2
Let d(v) = 10*v + 14. Let x = 2821 - 2818. Calculate d(x).
44
Let r(m) = -5*m + 42. Let z(g) = 4*g - 32. Let h(q) = -7*r(q) - 9*z(q). Let d be (-192)/30 + (-4)/(-10). Calculate h(d).
0
Let f(t) = 7*t**2 + 5*t - 44. Let q(r) = -16*r**2 - 7*r + 86. Let v(g) = -9*f(g) - 4*q(g). Determine v(15).
22
Let q(l) = l**2 - 5 - 2*l - l - 2*l. Suppose -7*g + 34 = 10*g. Let k be g/(-5)*(-3 - 209/22). Give q(k).
-5
Let z(l) = 13*l + 1. Let d(p) be the third derivative of -p**4/24 - 5*p**2. Suppose -12 + 2 = 5*i. Let j(a) = i*d(a) - z(a). Calculate j(1).
-12
Let f(o) = o**3 - 7*o**2 + 7*o - 9. Let t = -66 - -70. Suppose t*m - 9*m = -55. Suppose 0 = 5*g - 19 - m. Give f(g).
-3
Let c = -39 + 57. Let o = c + -14. Suppose 0*f - f = 5*d - 1, 0 = o*f - 4. Let q(g) = -g + 5. Give q(d).
5
Let g = -5 + 3. Let u(j) = 3*j + 267*j**2 - j + 286*j**2 - 552*j**2. Give u(g).
0
Suppose 8*a + 8 = 104. Suppose -a = 31*g - 27*g. Let v(b) = -3*b - 1. Give v(g).
8
Let z(m) be the first derivative of -3*m**2/2 - 4*m + 4. Let y(q) = -q**2 + 325*q - 326. Let p be y(1). Calculate z(p).
2
Let u = 102 + -100. Let c(j) = -4 + j**u + j + 11 + 4*j - 13. Suppose f = -3 - 2. Calculate c(f).
-6
Let q(r) = 3*r**2 + 58*r - 14. Let n be q(-19). Let i(b) = 6*b + 7. Let d be i(5). Let m = d + n. Let j(f) = -f**2 + 5*f + 3. What is j(m)?
7
Suppose 2*n + n = -18. Let g(d) = -6*d - 2*d - 8*d + 21*d. Let y(u) = 12*u. Let t(q) = -5*g(q) + 2*y(q). What is t(n)?
6
Let n(x) = 18 + 7 - 1499*x**2 + 1500*x**2 - 11*x. Let t be n(2). Let m(l) = -l**3 + 8*l**2 - 8*l + 9. Determine m(t).
2
Let o be (-1)/(-2 - (-18)/10). Let d(p) = -2*p**2 + 16*p - 32. Let g(y) = 2*y**2 - 15*y + 29. Let q(k) = -8*d(k) - 9*g(k). Give q(o).
-20
Suppose -8*t + 365 = -171. Let b = -52 + t. Let v(h) = 6*h - 14 - 7*h - 4*h**2 + 5*h**2 + b. Give v(0).
1
Let l = -38 + -17. Suppose 52 = -t + 2*x, -3*t - 161 = -x - 0*x. Let w = l - t. Let i(h) = 3*h**3 + h**2 + h. Give i(w).
-3
Let j be ((-4)/(-8))/(2/8). Suppose 107 = 11*f + 52. Suppose -f + 19 = j*d. Let b(z) = z**2 - 6*z. Give b(d).
7
Let y(w) = 23*w**3 - 5*w**2 - 1637*w - 22*w**3 + 1643*w. Let k be -1*(2 - (9 - 3)). Determine y(k).
8
Let u(a) = 3. Let m(s) = s**2 + 9*s. Let c(z) = -m(z) - 4*u(z). Suppose 12 = -3*h + n, 4*h + 10 = -5*n - 6. Let y be 22/(-2) + (-5 + h)/(-3). Calculate c(y).
-4
Let l(p) be the third derivative of -p**6/120 + p**5/10 - 5*p**4/24 - 3*p**3/2 - 176*p**2 + 3*p. What is l(3)?
3
Let g(n) = -6*n + 7. Let c = -5846 - -5843. Calculate g(c).
25
Let l(b) = -28 + 51*b - 23*b - 43*b - 9. Calculate l(-6).
53
Let s(n) = n**3 - 22*n**2 + 42*n - 30. Suppose 0 = 11*f + 3*f - 280. Give s(f).
10
Let j(g) = 8*g**3 - 18*g**2 - 21*g + 3. Let w(c) = 7*c**3 - 17*c**2 - 15*c + 1. Let l(t) = 6*j(t) - 7*w(t). Calculate l(8).
35
Let z = -18348 - -18350. Let g(p) = -14*p**3 + 2*p + 1. Determine g(z).
-107
Let z(l) = -22 + 40 + 19 + 12 + 11*l + 16. Calculate z(-5).
10
Let p(g) be the first derivative of 10*g + 1/3*g**3 + 54 + 5*g**2. Give p(-8).
-6
Let p(a) be the first derivative of a**4/4 + a**3/3 - 2*a**2 + 2*a + 6. Suppose 0 = -3*c + 5*c + k + 7, 4*c = 4*k - 8. Determine p(c).
-4
Let o(s) be the second derivative of s**4/4 + 8*s**3/3 + 4*s**2 - 1156*s. Give o(-6).
20
Let h(z) = z**3 + 4*z**2 + 2*z - 2. Let t be 294/(-18) + (-2)/(-6). Let d = 20 + t. Suppose -3*n = n - 5*l - 8, 4*n = d*l + 4. Determine h(n).
1
Let n = 5 + 27. Suppose -9*v = -v + n. Let i(g) = -3*g**2 + 3*g - 1. Let d(h) = 2*h**2. Let o(t) = -2*d(t) - i(t). Determine o(v).
-3
Let z(b) = b**2 + 16*b + 39. Let o be z(-14). Let d = 6 + -2. Let a(t) = o*t + 233*t**2 - 234*t**2 - 7 - d*t. What is a(5)?
3
Let a(u) = -u**3 - 4*u**2 - u + 6. Let x be a(-3). Let j(v) = -2 + 30*v**3 - 31*v**3 - v + 1 - v**2 + x*v**2 + 14. What is j(0)?
13
Let q(k) = k**3 - k + 59829 + 4*k**2 - 179483 + 59827 - 5*k**2 + 59829. Let l(x) = x**2 + 2*x + 1. Let b be l(-1). Give q(b).
2
Let s(h) = -h + 7. Let v(t) = 15*t**3 + 540*t**2 + t + 39. Let l be v(-36). Give s(l).
4
Let j(o) = -2*o**2 - 5*o + 7. Let q be j(-4). Let g(c) be the second derivative of -c**4/12 - c**3/2 + 3*c**2 - c + 4. What is g(q)?
-4
Let d(l) = -7*l**2 - 2*l + 1. Let o be ((-12)/8)/((-2)/4). Suppose 2*c + 3*p = -o, -c + 2*p + 5 = 3. Suppose 0 = -3*z + 2*a + 3, z + c*z = 3*a + 1. Give d(z).
-8
Let r(s) = 0*s + 8 - s + 0*s. Let g(t) = t**3 - 16*t**2 + 15*t + 14. Let n be g(15). Suppose -4*q + 16 = 0, h - n = q - 6*q. Give r(h).
14
Let u(a) be the third derivative of -a**5/20 - 13*a**4/12 - 35*a**3/6 - 36*a**2 - 2*a - 2. Give u(-7).
0
Let s be 3/2*24/198*(-11)/(-2). Let q(h) = 57*h**2 + 1. Determine q(s).
58
Suppose 0 = -4*c - 4, -3*s + s + 16 = -4*c. Let y(u) = 3 - s*u + u - 6*u**2 + 0. Let w(h) = 9*h**2 + 8*h - 5. Let l(n) = 5*w(n) + 8*y(n). Give l(2).
-13
Suppose 0 = -5*v + 8*f - 7*f + 19, -v = -2*f - 2. Let t(w) = -w**2 - 4*w + 18. Let j be t(v). Let p(y) = y**3 + 14*y**2 + 3*y + 21. Give p(j).
-21
Suppose -14*d = -13*d - 3. Suppose d*m + 8 + 5 = w, 3 = -w - m. Let t(q) = q**2 - 6*q + 5. Let j(r) = r**2 - 5*r + 4. Let p(k) = 5*j(k) - 4*t(k). What is p(w)?
0
Let w(m) = 3*m**2 - 115*m - 30. Let k(i) = i**2 - 127*i - 32. Let s(l) = -3*k(l) + 4*w(l). Give s(9).
-6
Let z(d) = d**2 - d + 2. Let j(p) = -16*p + 45. Let t(v) = -7*v + 23. Let c(i) = -4*j(i) + 9*t(i). Let b be c(-25). Determine z(b).
4
Suppose -3*g = 2*r + 2*r - 18, g - 4*r = -10. Suppose -4 + 7 = i. Let z(d) = -g*d**2 + d**2 - 7 - d**3 + 2*d**i. Calculate z(0).
-7
Let i(w) = w + 25. Suppose 1200 = 5481*b - 5541*b. Calculate i(b).
5
Suppose 0 = 6*p - 3*p - 120. Suppose 2*y - 13 = 5*r, -y - 4*y + 5*r + p = 0. Let q(d) = d**3 - 10*d**2 + 9*d + 2. Give q(y).
2
Let t(i) = -4*i - 10. Let z(y) = -13*y + 6 + 25*y + 17 + 6. Let j(q) = 17*t(q) + 6*z(q). Calculate j(-5).
-16
Let u(g) = -g + 45. Let t(k) = 4*k - 130. Let v(l) = -t(l) - 3*u(l). Give v(7).
-12
Let i(y) be the third derivative of -2*y**6/15 + y**4/12 + y**3/6 - 2*y**2. Let j be (-50)/625 + (-156)/(-75). Suppose -j = -1208*p + 1210*p. Determine i(p).
15
Let s(l) be the third derivative of -l**4/24 - 2*l**3/3 - 2*l**2 - 1149. Give s(-6).
2
Let r(o) = o - 4. Let q be (-159)/((-4)/8 - 1). Let m = q + -152. Let f = 53 + m. Determine r(f).
3
Let l(s) = 9*s**3 + 2*s**2 + s - 3. Suppose 39*f - 17 - 15 = 7*f. Determine l(f).
9
Let z(m) = 22*m**2 + 4*m**3 - 16*m**2 - 5*m**3 - 14*m**2 + 4 + 7*m**2 - m. Give z(-3).
25
Let t(u) = -u**2 + u. Let z(v) = 6*v**2 - 6*v. Let i(x) = 11*t(x) + 2*z(x). Suppose 3210 = -9*m - 66. Let h = 367 + m. What is i(h)?
6
Suppose 8*v = 9*v + 5*m - 20, -2*v + 2*m = -16. Suppose v*s + 94 = 44. Let q(j) = -j**2 - 3*j. Determine q(s).
-10
Let c(u) = 4 - 6*u + 4*u + 4*u. Let o(j) = -j - 1. Let q = -8 - -11. Let z(s) = q*o(s) + c(s). Give z(1).
0
Let c(b) = b + 12. Let j(s) be the third derivative of -s**5/60 + s**4/8 + 40*s**3/3 - 88*s**2. Let l be j(10). Determine c(l).
22
Let v(q) = -q**2 + 6*q + 19. Let g(z) = -5*z**2 + 28*z + 78. Let s(m) = 2*g(m) - 9*v(m). Determine s(3).
-18
Let c(h) be the third derivative of 2/3*h**3 + 28*h**2 + 5 + 0*h + 1/8*h**4. Give c(-3).
-5
Suppose -4*n + 24 = 0, 17*x + 4*n = 18*x + 19. Let j(o) = 5*o - 3. Determine j(x).
22
Let g(v) = -v**3 - 25*v**2 + 29*v + 67. Suppose 3328 = -86*f - 42*f. What is g(f)?
-11
Let p(f) = -980*f**3 + 6*f + 5 - 982*f**3 + 7*f**2 + 2939*f**3 - 978*f**3. Let n = -5 + 13. Calculate p(n).
-11
Let t(m) = 2*m - 16. Suppose 0 = 20*p + 16 - 56 - 160. Determine t(p).
4
Let j(g) = -g**3 - 10*g**2 - 10*g - 13. Let k be 6/(12/22) + 1. Suppose k*f - 9*f = 9. Suppose -f*v - 5*q - 42 = 0, 4*v = -0*v - 2*q - 42. Calculate j(v).
-4
Let r(h) = 1